i) = -i**2 + 27*i - 7. Let k be p(27). Let c be y(k). What is the greatest common factor of 253 and c?
23
Let j = 1087 + -1015. Calculate the highest common divisor of 225 and j.
9
Suppose -43 = -c - 477. Let i = -259 - c. Suppose r + 4*p - 29 = 0, -4*r + 9*r = 5*p + 120. What is the highest common factor of i and r?
25
Let k = 20 + 22. Let q = 2 - -7. Suppose -b - v + q = 0, -2*b = -v - 1 - 8. What is the highest common factor of k and b?
6
Let r(i) = -i**2 + 11*i - 22. Let l be r(7). Suppose -5*x - 105 = -2*w, -w + 4 + 26 = 2*x. Suppose 4*a - w = 20. Calculate the highest common factor of l and a.
3
Let q = -144 + 62. Let d = q - -108. What is the greatest common factor of d and 182?
26
Suppose 0 = g + g + 8. Let c be (14 + g)*1/2. Suppose w - 20 = -w. What is the greatest common factor of c and w?
5
Let a = 30 - 13. Let s(z) = 4*z**3 - 24*z**2 + 7*z - 8. Let l be s(6). What is the highest common divisor of a and l?
17
Let z(g) = -g**2 - 13*g + 13. Let p be ((-56)/12)/(4/6). Let s be z(p). Suppose 35 = 5*a - s. Calculate the greatest common divisor of 2 and a.
2
Let n be (-1650)/15*(0 - -1). Let p = -68 - n. Let d = 91 + -63. Calculate the highest common divisor of p and d.
14
Let s be (-5000)/(-52) - -3 - 4/26. What is the greatest common divisor of s and 55?
11
Let d(n) = -n**3 - 15*n**2 + 102*n + 58. Let w be d(-20). Suppose g - 32 = 4. What is the greatest common divisor of g and w?
18
Let g(a) = -14*a - 35. Let t(q) = 5*q + 12. Let o(k) = -4*g(k) - 11*t(k). Let w be o(4). Calculate the greatest common factor of w and 12.
12
Let f = 6 - 2. Calculate the highest common divisor of 172 and f.
4
Let v(g) = -g**2 - 10*g + 9. Let u be v(-4). Suppose 2*o - 2*p = -p + 134, 2*o - 5*p = 142. Calculate the greatest common factor of u and o.
33
Let m be (-705)/(-6)*4/5. Suppose 6*r = r + u + 148, 0 = 3*r + 2*u - m. Suppose 6 = 5*x - 4*x. What is the highest common factor of r and x?
6
Let u(m) = 2*m**3 + 7*m**2 + 2*m + 1. Let v = 28 + -31. Let x be u(v). Calculate the highest common divisor of x and 32.
4
Let h = 186 + -126. Let b be (-55)/(-3) + (-2)/6. Let d be -3*(-6)/27*b. Calculate the greatest common divisor of d and h.
12
Let o be 13/(-429)*-11*24. Suppose -20 - 172 = -3*b. Calculate the greatest common divisor of b and o.
8
Let t = 41 - 50. Let r(i) = -i - 1. Let y be r(t). Let l be 2/(-4)*-6 + 1. What is the highest common factor of y and l?
4
Let y = -163 + 173. Let w(p) be the second derivative of 7*p**4/12 + p**3/3 - p**2 - p. Let q be w(2). Calculate the greatest common factor of q and y.
10
Let a = 166 - 124. Calculate the highest common divisor of 6 and a.
6
Suppose 0 = 3*b + 6, -x + 19 = -4*b - 0*b. What is the greatest common factor of x and 88?
11
Suppose 4*t - t = 9. Let c be t + (4 - 7) + 14. What is the greatest common factor of 14 and c?
14
Suppose -2*r - 6 = 0, 2*a + r - 106 = 71. Calculate the highest common factor of a and 18.
18
Suppose 10*j - 7*j - 516 = 0. Let p = -118 + j. What is the greatest common divisor of p and 36?
18
Suppose -19*o + 6 = -16*o. Suppose -3*u + 5*s = -97, 2*u + 0*s - 38 = -o*s. Calculate the greatest common factor of 6 and u.
6
Let s be 14/4 + 1/2. Let y = s - -3. Suppose 5*x + 0*d + 3*d - 169 = 0, 0 = -3*d - 6. Calculate the greatest common divisor of y and x.
7
Suppose -64 = -3*o + 20. Let r = 646 + -618. Calculate the highest common divisor of r and o.
28
Let f = 313 + -177. Calculate the highest common factor of 85 and f.
17
Let n be ((-285)/(-38))/(5/(60/9)). Calculate the highest common divisor of 35 and n.
5
Let x(k) = -k + 11. Let n be x(-6). Suppose 86 + 514 = b - m, b = -4*m + 575. Suppose -6*r + r = -b. What is the greatest common factor of n and r?
17
Suppose -35*g + 41*g = 1596. What is the highest common divisor of 14 and g?
14
Let c = 16 - 10. Suppose -11*t - c + 50 = 0. What is the greatest common divisor of t and 1?
1
Let c(z) = z**3 + 5*z**2 + 5*z - 13. Let a be c(4). Let y = a + -105. What is the greatest common factor of y and 184?
46
Suppose 2*j - 3*j = -3*g - 321, -3*j = 3*g - 951. Suppose 342 = 5*z - j. What is the highest common divisor of z and 11?
11
Suppose 3 - 23 = 4*s. Let y = 256 - s. Calculate the highest common divisor of 29 and y.
29
Let t be 0/(-3)*2/4. Suppose 5*u + 16 - 26 = t. What is the highest common divisor of 8 and u?
2
Let j be 629/19 - (-26)/(-247). Calculate the highest common factor of j and 1023.
33
Let r be 20/(3 + (-3)/3). Let b = r + -6. Suppose b*q = 5*q - 20. Calculate the highest common factor of 180 and q.
20
Suppose 1 + 14 = 3*s. Suppose -20 = s*b, -4*z + 5*b + 24 = 3*b. Let a(h) = -h**3 - 13*h**2 + 1. Let q be a(-13). What is the highest common divisor of z and q?
1
Suppose -6 = -f + 3*f, 2*f - 30 = -4*w. Let p(x) = x - 8. Let i be p(w). Suppose -i = -v - 3*l, 4*l = 2 - 6. Calculate the greatest common divisor of v and 6.
2
Suppose -177*r + 153*r + 336 = 0. Suppose -o - 4 = 0, -5*y + 4*o = -0*y - 576. What is the highest common factor of r and y?
14
Let o = 213 + -133. What is the highest common divisor of o and 10?
10
Let u(i) = -i**2 + 9*i + 6. Let l be u(11). Let a = l + 156. Calculate the highest common divisor of a and 20.
20
Let y be (3 - 2)*13 - 4. Suppose 4*o - 46 = 2*q - 148, 0 = q + 3*o - 36. Calculate the highest common divisor of q and y.
9
Let d = 7728 - 7686. Let q(p) = -11*p + 1. Let u be q(-1). What is the highest common divisor of d and u?
6
Let k = -276 + 291. What is the greatest common divisor of k and 120?
15
Let m be (-4)/14 + (-1235)/(-133). Let z = m - -11. Calculate the greatest common factor of 140 and z.
20
Let c(f) = -f + 3. Let n be c(-15). Let q(x) = x + 13. Let m be q(-7). Calculate the highest common divisor of n and m.
6
Let s(f) = 4*f + 71. Let g be s(5). What is the highest common factor of g and 13?
13
Suppose -3*j = -j + 4, 871 = 3*f - 2*j. What is the highest common divisor of f and 68?
17
Suppose 7*m + 852 = 2399. Let v = -158 + m. Let x be (12/(-10))/(v/(-420)). What is the highest common divisor of 24 and x?
8
Let u be (-45)/2*20/(-25). Let m = -19 + u. Let t(k) = 16*k**2 + 3*k + 2. Let p be t(m). What is the highest common factor of 105 and p?
15
Suppose 4*r - 184 = k, 5*r - 5*k - 200 = r. Suppose 10*i - 245 + r = 0. What is the greatest common factor of 4 and i?
4
Suppose -458*z = -446*z - 4896. What is the highest common divisor of z and 48?
24
Let s(q) = -q**3 + 16*q**2 - 22*q - 10. Let c be s(4). What is the highest common divisor of c and 141?
47
Let g(b) = b**3 - 5*b + 5. Let v be 30/(-15)*(-10)/4. Let n be g(v). Let l be 42 + (-3 - -2) - -1. What is the greatest common factor of l and n?
21
Let n(v) = v**3 - 12*v**2 + 25*v + 11. Let d be n(9). Let u be 4/(-1)*(105/6)/d. What is the highest common factor of 10 and u?
10
Let q(a) = a**3 + 15*a**2 + 10*a - 2. Let j be q(-14). Suppose j + 26 = 4*f. What is the greatest common divisor of 200 and f?
20
Let q(d) = -d**3 - 17*d**2 + 15*d + 72. Let l be q(-18). What is the greatest common factor of 378 and l?
126
Let c = 556 + -348. What is the greatest common divisor of c and 13?
13
Suppose 69 = -5*x + 239. Let z(o) = o**3 - 10*o**2 - 19*o - 8. Let j be z(9). Let l = -175 - j. What is the highest common divisor of x and l?
17
Let g = -785 - -787. Calculate the greatest common divisor of g and 2.
2
Let p = 0 - -36. Let t = 4 + p. Suppose 0 = 3*g - 7*g + t. What is the highest common divisor of g and 50?
10
Let f(g) = -8*g - 7. Let m(b) = b**2 - 7*b - 7. Let a(v) = -2*f(v) + 3*m(v). Let u be a(5). Let y = u - -14. What is the highest common factor of y and 38?
19
Let k(p) = 41*p + 10. Let o be k(7). Let i = 16 + 11. Calculate the highest common factor of i and o.
27
Let l(k) = -3*k - 2. Let i be l(-4). Suppose 3*m + 4*g - 50 = 0, m + 2 = -3*g + 27. Calculate the greatest common factor of i and m.
10
Let a = 229 - 57. What is the highest common divisor of 43 and a?
43
Let m(k) = k**2 + 2*k - 5. Let r be m(3). Let s be (18/5)/(4/r). Let j(a) = 30*a - 21. Let t be j(4). What is the greatest common divisor of t and s?
9
Let l(x) = x**2 + 5*x + 154. Let c be l(0). Calculate the greatest common factor of 44 and c.
22
Suppose 0*x + 2*x - 5*j - 153 = 0, 3*x = -5*j + 217. What is the highest common divisor of x and 296?
74
Suppose -18 = -v + 48. Let g(y) = -y -